111100101110
In base 5, what is 303031242333 - -1?
303031242334
In base 13, what is 15494c - -12?
154961
In base 5, what is -4 - -213031420?
213031411
In base 9, what is -45777 - 415?
-46303
In base 13, what is 2 + -246a790?
-246a78b
In base 3, what is -22 - 2022202122000?
-2022202122022
In base 9, what is 81542 - 187?
81344
In base 9, what is -227 - 76358?
-76586
In base 10, what is 1320849 - 8?
1320841
In base 8, what is 55116543 - 0?
55116543
In base 13, what is -16318 - -33a?
-15cab
In base 14, what is 658 + -12d9?
-a81
In base 12, what is 707292 - -38?
70730a
In base 10, what is 50360 - 197?
50163
In base 14, what is 2 - 238492?
-238490
In base 11, what is 7 - -12241a?
122426
In base 2, what is -1000100100001101 + 10000110?
-1000100010000111
In base 13, what is -719244 - 27?
-71926b
In base 13, what is -11c - 50aa3?
-50bc2
In base 14, what is -25 + 66bcb7?
66bc92
In base 14, what is 23a - -17017?
17253
In base 7, what is 4 + -1044155?
-1044151
In base 13, what is 46 + 524b7?
52530
In base 9, what is 8 + 4061464?
4061473
In base 9, what is 28 - 445635?
-445606
In base 2, what is 10011101010001110100 - 11001?
10011101010001011011
In base 6, what is -5405330120 - 1?
-5405330121
In base 8, what is 5051 - 2251?
2600
In base 13, what is -41b - 798?
-bb6
In base 16, what is -44d5 + -887?
-4d5c
In base 10, what is -15 + 57965?
57950
In base 12, what is 2a08 + -888?
2140
In base 11, what is 18 - -550771?
550789
In base 4, what is -30021313233 - 131?
-30021320030
In base 13, what is 1a + 37b64c6?
37b6513
In base 13, what is -241a68a + 3?
-241a687
In base 13, what is 5 + 1a21249a?
1a2124a2
In base 13, what is -4 + -30515292?
-30515296
In base 3, what is 12 + -1211101120001?
-1211101112212
In base 4, what is 3301003332 + -2000?
3301001332
In base 6, what is 115 - 23341305?
-23341150
In base 7, what is -6524 - -16216?
6362
In base 9, what is 2 + 21357330?
21357332
In base 13, what is -11247 - 504b?
-16295
In base 16, what is 31 + -133efd?
-133ecc
In base 2, what is 110110 - -11000000001101010?
11000000010100000
In base 15, what is -67b2b - -3c2?
-67759
In base 13, what is -10 - -215235?
215225
In base 14, what is 91 - -155374?
155425
In base 14, what is 5731 - 529?
5206
In base 9, what is -202425 + -203?
-202628
In base 5, what is 41114143302 + -1?
41114143301
In base 7, what is 3060555 - 140?
3060415
In base 6, what is 250051251 - -1?
250051252
In base 6, what is 45323500 + 4?
45323504
In base 12, what is 11 + aaa25b?
aaa270
In base 15, what is -19c0e - 23a6?
-1c0b5
In base 15, what is ad76 + -1563?
9813
In base 4, what is 1110 + 21232331031?
21232332201
In base 11, what is -863 - -3842?
2a8a
In base 8, what is -1527223 + -54?
-1527277
In base 6, what is 14033035131 - -2?
14033035133
In base 6, what is -32124331 - 2531?
-32131302
In base 15, what is -11b + -1571bb?
-1572d7
In base 4, what is 2 + 2303231023002?
2303231023010
In base 2, what is 10001010101010 + 11001011000?
10100100000010
In base 10, what is 74393 - -4323?
78716
In base 13, what is -b6472 - -7?
-b6468
In base 14, what is -34cb6 - 13a?
-35012
In base 8, what is 6070125722 - 1?
6070125721
In base 15, what is -9b2a00 + -1?
-9b2a01
In base 16, what is -bfe4d4 + -16?
-bfe4ea
In base 7, what is 44366653 - 4?
44366646
In base 14, what is 476 - 7ab4?
-763c
In base 11, what is 10839 - -629?
11367
In base 9, what is -1347 + 358727?
357370
In base 8, what is 50220 - 11?
50207
In base 16, what is -3 + 265fdd?
265fda
In base 14, what is -316 + -57594?
-578aa
In base 15, what is -40a2 + 39?
-4068
In base 8, what is -1 - 60244232?
-60244233
In base 13, what is c65226 + 3?
c65229
In base 6, what is -3324 - 5450214?
-5453542
In base 10, what is -282755 + 65?
-282690
In base 7, what is 6131530 + -2?
6131525
In base 8, what is -2072 - 30577?
-32671
In base 8, what is -70 - 12534755?
-12535045
In base 4, what is 120 + -2200102002323?
-2200102002203
In base 5, what is -4 + 33331011121?
33331011112
In base 3, what is 20222121112 + 12201?
20222211020
In base 15, what is 3 + 133a296?
133a299
In base 7, what is 43240 - -23154?
66424
In base 2, what is -10010101111001000000 + 100011111?
-10010101110100100001
In base 7, what is -112454015 - 4?
-112454022
In base 15, what is -de4e396 - a?
-de4e3a1
In base 15, what is 1a - -313d06?
313d21
In base 6, what is -5053 + -24535420?
-24544513
In base 16, what is -5 - -5df1dc4?
5df1dbf
In base 4, what is 10 - 1103331221233?
-1103331221223
In base 11, what is -6aa - -4110?
3511
In base 14, what is 90 - 2abd?
-2a2d
In base 11, what is 7753368 + -24?
7753344
In base 4, what is 1111022333302 + 1?
1111022333303
In base 16, what is -3d + -68779b?
-6877d8
In base 6, what is -20334 + 2043001?
2022223
In base 14, what is -7 + -15dd75?
-15dd7c
In base 5, what is -10220204 + -141240?
-10411444
In base 12, what is 3 + -403844a?
-4038447
In base 14, what is -822d + 23b?
-7dd2
In base 2, what is -11011000000010000 - 1101111?
-11011000001111111
In base 5, what is 11213113410 - -10?
11213113420
In base 14, what is -4575 + 111?
-4464
In base 12, what is -27b8 + 5607?
2a0b
In base 6, what is -3 - -253140023?
253140020
In base 7, what is -23156201 - 66?
-23156300
In base 3, what is 1111 + 12101100?
12102211
In base 4, what is 11200022110 - 312?
11200021132
In base 6, what is -542322005 - 11?
-542322020
In base 15, what is -2b - -176234?
176208
In base 10, what is 0 - -16614022?
16614022
In base 4, what is -10 + -20223103220?
-20223103230
In base 9, what is 2435887 + -125?
2435762
In base 2, what is -111110101100010011101 - -100?
-111110101100010011001
In base 15, what is 684ac - a?
684a2
In base 16, what is 1 - -1bffbd?
1bffbe
In base 10, what is -17626025 - 0?
-17626025
In base 13, what is -7827 + 278b?
-5069
In base 12, what is 1 - -1300452?
1300453
In base 16, what is 5 + 27b9cb1?
27b9cb6
In base 5, what is -41 - 103412121?
-103412212
In base 11, what is -56a970 - 8?
-56a978
In base 10, what is -5 + -1170344?
-1170349
In base 16, what is -3a - -127c6a?
127c30
In base 3, what is -10112211211 - 2111110?
-10122100021
In base 16, what is -3 - 1a2898?
-1a289b
In base 7, what is -244540 - -410?
-244130
In base 10, what is 10625500 + -36?
10625464
In base 13, what is 9 - 2b83c5?
-2b83b9
In base 10, what is -24281195 + 8?
-24281187
In base 6, what is -115 + -25431?
-25550
In base 16, what is 7ba75 - 26?
7ba4f
In base 2, what is 10111010100 + -11110010110111?
-11011011100011
In base 8, what is 672010131 - 3?
672010126
In base 5, what is -31 - 4401224240?
-4401224321
In base 7, what is 31410020 - -51?
31410101
In base 2, what is -110111101 - -101101111011100100001?
101101111010101100100
In base 6, what is 1110325 + -255?
1110030
In base 2, what is -1011011101 - -110001101000100?
110000001100111
In base 16, what is 2 + 65ec38?
65ec3a
In base 4, what is -10 + -112103222232?
-112103222302
In base 8, what is -5 - -11204010?
11204003
In base 14, what is -5cb22bc + 15?
-5cb22a7
In base 16, what is 22a3 + -16c?
2137
In base 13, what is 424 + b4b65?
b5289
In base 6, what is 33024351 + 532?
33025323
In base 6, what is -231 + -10000354?
-10001025
In base 14, what is 2c8b2 - -660?
2d132
In base 5, what is -412104 - -23022?
-334032
In base 13, what is -33 + -502573?
-5025a6
In base 8, what is 731724 - -535?
732461
In base 9, what is 3533830 + -104?
3533725
In base 16, what is 2313 + 91b?
2c2e
In base 12, what is -62b307 - 5?
-62b310
In base 9, what is 0 - -662323?
662323
In base 16, what is -910a6 + b?
-9109b
In base 16, what is -3a5c - -1341d?
f9c1
In base 2, what is 1 - 11100001010011010010001?
-11100001010011010010000
In base 7, what is -3440 - -102601?
66131
In base 8, what is 3 + -6623773?
-6623770
In base 3, what is 100201102102022221 + -2?
100201102102022212
In base 12, what is -14617674 - -4?
-14617670
In base 7, what is 14 + -3425552?
-3425535
In base 14, what is -285 - -6b27?
6882
In base 15, what is -16c6d - a0c?
-1777a
In base 13, what is 36a8a9 - 3?
36a8a6
In base 12, what is 1606103b + -1?
1606103a
In base 13, what is -38902 - 41?
-38943
In base 3, what is 210011 + 1000021002?
1001001020
In base 6, what is -1251115 - -2010?
-1245105
In base 6, what is 22 - -150313324?
150313350
In base 6, what is 15500553 - 5042?
15451511
In base 12, what is 94 - -70912?
709a6
In base 16, what is 0 + -10faa